 be g(-18). Let i = x + 25. What are the prime factors of i?
29
Suppose 111*m - 115*m + 160 = 0. List the prime factors of m.
2, 5
Suppose 3*a + 5*c - 1 = 5, -5*a + c = -10. Suppose -43 = -3*d + 6*g - g, -a*d + 29 = -3*g. List the prime factors of d.
2
Suppose 2*o = 4*o. Suppose 0 = -3*m + 21 - o. List the prime factors of m.
7
Suppose -9 = -i + 22. List the prime factors of i.
31
Suppose -5*i + 2*i = 15. Let p(m) = 2*m**2 + 5*m + 7. List the prime factors of p(i).
2
List the prime factors of 3 + (24 - -4) + 3.
2, 17
Let t(b) = b**3 + 6*b**2 - 6*b + 8. Let x be t(-8). Let i be x/(-7) + 4/(-14). Let k = 16 - i. List the prime factors of k.
2, 3
Suppose 280 - 80 = 4*l. List the prime factors of l.
2, 5
Let p = -73 + 132. List the prime factors of p.
59
Let w(d) = d**3 + 19*d**2 + 12*d + 1. List the prime factors of w(-18).
109
Let a be ((-46)/6)/((-4)/12). Let z be 39 + 2 + (0 - 3). Let y = z - a. What are the prime factors of y?
3, 5
Let q(g) = -18*g - 13. List the prime factors of q(-7).
113
Let k be (-3 + 40/12)*33. Let w = 26 - k. List the prime factors of w.
3, 5
Let t(p) = -3*p - 6. Let v be t(-4). Let u be 4/6 + 20/v. List the prime factors of (8/(-12))/(u/(-30)).
5
Suppose 8 = 2*v, -5*d + 332 + 425 = 3*v. What are the prime factors of d?
149
Let p = 30 - -141. What are the prime factors of p?
3, 19
Let i(j) = -j**3 + j**2 + j + 4. Let n(z) = -z**3 + 7*z**2 + z - 9. Let y be n(7). Let d = -2 - y. List the prime factors of i(d).
2
Let y = 3 - -18. Suppose s - y = 4*m, -2*m = m + 12. List the prime factors of s.
5
Suppose 2*u = u + 6. Suppose j - 2*y - u = 0, 0 = 3*j + j - y - 52. What are the prime factors of j?
2, 7
Let l = 38 - 71. What are the prime factors of ((-20)/(-15))/((-2)/l)?
2, 11
Let c = -68 - -163. What are the prime factors of c?
5, 19
Suppose 0*z = -2*z + 12. Let a be ((-9)/(-4))/(z/16). What are the prime factors of 7/((3/a)/1)?
2, 7
Let z = -121 + 175. List the prime factors of z.
2, 3
Let n = 6 - 1. Let b = 13 - n. List the prime factors of (-9)/6*b/(-6).
2
What are the prime factors of -3 + (67 - (0 - (-9)/(-3)))?
67
Let v be 3 - 1 - 5/(-1). Suppose -v*w + 12 = -5*w. What are the prime factors of w?
2, 3
Let h = 19 - 19. Suppose 0 = d - 0*d - 3*i + 4, -d - 5*i + 20 = h. List the prime factors of d.
5
Let w = -138 - -196. What are the prime factors of w?
2, 29
Suppose u - 5 + 3 = 0. Suppose -4*b = -5 - 7. Suppose -3 = -b*a + u*a. List the prime factors of a.
3
List the prime factors of (1*-2)/(20/(-110)).
11
Let p(k) = k**3 - 8*k**2 + 2*k - 7. Let c be p(8). Let v(g) = 5*g - 8. What are the prime factors of v(c)?
37
Let p(c) = -c + 6. Let j be p(4). Suppose -j*u + 32 = 2*o, u + u + 5*o - 29 = 0. List the prime factors of u.
17
Let g = 796 + -423. List the prime factors of g.
373
Let x = 15 + 51. List the prime factors of x.
2, 3, 11
Suppose -3*a - m + 5 = 3*m, -4*a + 5*m = -17. Suppose -i + 0 = -a. Suppose i*q + 56 = 7*q. What are the prime factors of q?
2, 7
Let f = 18 - 2. Suppose 0 = 3*i - 5 - f. What are the prime factors of i?
7
What are the prime factors of (-25)/(-75) - 47/(-3)?
2
Suppose 28*t - 25*t = 336. What are the prime factors of t?
2, 7
Let a(l) = -l**3 + 16*l**2 + 18*l - 5. List the prime factors of a(17).
2, 3
Let i = -12 - -20. Let u(a) = a**2 - 2*a - 3. Let p be u(3). Suppose x = -p*x + i. List the prime factors of x.
2
Let x be (6/(-8))/((-1)/4). Suppose 19 = -4*z - x*h, -3*z - 3*h - 24 = -4*h. Let u = z - -11. List the prime factors of u.
2
Let k(c) be the first derivative of c**4/4 - 8*c**3/3 + 9*c**2/2 + 2*c + 3. What are the prime factors of k(7)?
2
Let w be (-468)/27 + 2/6. Let y = w + 31. What are the prime factors of y?
2, 7
Suppose -a - 118 = -3*c, -4*c + 5*a = c - 200. List the prime factors of c.
3, 13
Suppose 0 = y - 15 - 34. What are the prime factors of y?
7
Let t = 11 + -6. Suppose -8 = t*o - 108. Suppose l + l = o. What are the prime factors of l?
2, 5
Suppose -1 = -f + 14. Suppose -25 = -5*t - x, -2*t - t = -x - f. List the prime factors of t + -6 + 10/1.
3
Let g = -4 + 7. What are the prime factors of ((-2)/1)/(-1) + g?
5
Let g = 19 - 14. Let h be (1/5 - 1)*-55. Suppose j + h = g*j. List the prime factors of j.
11
Let p be 5/(-25) - 19/5. Let l = -9 + 19. Let u = l - p. List the prime factors of u.
2, 7
Let s be 1/(-2)*2*-2. Let w be 1/((1 - s)/(-1)). List the prime factors of ((-4)/(-6))/(w/18).
2, 3
Suppose 4*r - 17 = -1. List the prime factors of r/12 - 160/(-6).
3
Suppose -2 + 0 = -4*u - b, 5*b = -4*u + 10. Suppose u = 4*w - 4 - 32. List the prime factors of w.
3
Let k = -10 + 5. Let c = 24 + k. Let u = -3 + c. List the prime factors of u.
2
Suppose -4*b + 5*b + q = 11, -2*b = -5*q + 13. List the prime factors of b.
2, 3
Suppose 1 + 7 = i. Let j = i + -4. Suppose -j*o + 5*o - 9 = 0. List the prime factors of o.
3
Let u(q) = -q**3 - 4*q**2 - 3. Let r be u(-5). Suppose -r = -2*n + 8. List the prime factors of n.
3, 5
Let a(y) = -y + 5. Let u be a(3). Let l(m) = -3*m**2 - m**2 - u + 0*m**2 + 3*m**2 + 8*m. What are the prime factors of l(4)?
2, 7
Suppose -3*d + 597 = -3*x, 4*d - 545 - 248 = 5*x. List the prime factors of d.
2, 101
Suppose 0 = -4*s - 11*s + 4245. List the prime factors of s.
283
Suppose 4*p + 2*m - 112 = 0, -39 = -0*p - p + 5*m. List the prime factors of p.
29
Suppose t = -3*u + 76 + 16, 2*u + 3*t = 73. List the prime factors of u.
29
Let k = 345 - 237. List the prime factors of k.
2, 3
Let d(a) = 50*a. Let b be d(1). Suppose l - b = -4*l. List the prime factors of l.
2, 5
Let q(i) be the first derivative of -3*i**4/4 + i**3/3 + 2*i - 2. Let x be q(-2). Suppose x = 3*c - 0*c. What are the prime factors of c?
2, 5
List the prime factors of 48 + 3 + 2/1.
53
Suppose 6 = -p + 96. What are the prime factors of p?
2, 3, 5
Let m(w) = -4*w + 2. Let s(l) = -11*l + 5. Let g(c) = 8*m(c) - 3*s(c). Let u be g(0). List the prime factors of 2/(-4)*u*-4.
2
Suppose 5*x - 1 = -31. Let c(y) = 2*y + 0 + 1 - 4*y. List the prime factors of c(x).
13
Let w = 7 + 2. Suppose -2*s + 1 + w = -2*i, 0 = -4*i. List the prime factors of s.
5
Let h be 2/2 - (-2 + 4). What are the prime factors of (h - -3)*(-34)/(-4)?
17
Let x = 103 + -59. List the prime factors of x.
2, 11
Let x be (-45)/(-12) + (-1)/(-4). Let i = 3 - x. List the prime factors of 10 - i/(-2 - -1).
3
List the prime factors of (-2 - -10)/(-2) - -124.
2, 3, 5
Suppose 0 = -3*u + 4*k - 291, -4*u + 0*u = 3*k + 363. List the prime factors of (u/12 + 3)*-4.
19
Let r(j) = -j**2 + 17*j - 19. List the prime factors of r(14).
23
Suppose 2 + 10 = 4*a. Suppose r + 11 + 0 = -4*m, -5*r + 2*m = -11. Let h = a + r. What are the prime factors of h?
2
Let u(b) = 3*b + 1. Let n = 4 - -16. Suppose 2*w + n = 5*d, 2 = -4*d - 4*w + 2*w. List the prime factors of u(d).
7
Suppose -k + 5*f = -131, -3*f - 77 = -k + 44. List the prime factors of (-4)/16 - k/(-8).
13
List the prime factors of (1/3)/(3*(-6)/(-5724)).
2, 53
List the prime factors of (1 - 1) + -3 + 79.
2, 19
Suppose 69 = -h + 3*p, -p = -3 + 2. Let v = h - -108. What are the prime factors of (28/(-21))/((-4)/v)?
2, 7
Let n(d) = d**2 + 3*d - 1. Let p be n(-4). Suppose 0 = -5*i - 3*m + 85, 3*m + m = -p*i + 51. What are the prime factors of i?
17
Let q(n) = 71*n**3 - n**2 + 3*n - 2. What are the prime factors of q(1)?
71
Let u(f) = 2*f**2 - 3*f + 5. Suppose -5*a + 16 = -t - t, -4*a + 3*t = -10. What are the prime factors of u(a)?
5
Let m be (-1 - -2)*25 - 2. Suppose -n + 68 = 4*n - 2*j, m = 2*n - 5*j. List the prime factors of n.
2, 7
Suppose 2*l - 50 = -3*b, -b + 4*l = -0*b + 2. Let w be (-4)/b + 90/21. Suppose -u + w*f = 10, 2*u - 4*f = 5*u - 50. What are the prime factors of u?
2, 5
Let h be 3/(-5) + (-28)/(-5). Suppose -21 = -x + 6*r - r, -2*x + 27 = -h*r. What are the prime factors of x?
2, 3
Let h(j) = 3*j**2 - 2*j + 2. Let q be h(2). What are the prime factors of (-237)/(-15) + 2/q?
2
Suppose -2*a = -6 - 40. List the prime factors of (4 + 0)/4 + a.
2, 3
Let q(g) = -g**2 - 10*g + 13. Let a be q(-11). Let s(c) = 3*c**2 + 2*c - 2. List the prime factors of s(a).
2, 7
Suppose 0 = 2*i - 13 + 3. What are the prime factors of i?
5
Suppose 30 = 6*d - 4*d. Suppose -4*h + 20 = -2*g, -d + 5 = -2*h + 4*g. Suppose 0*y = -h*y + 20. What are the prime factors of y?
2
Let f = 7 - 15. List the prime factors of